{"id":71,"date":"2020-01-03T14:37:30","date_gmt":"2020-01-03T14:37:30","guid":{"rendered":"https:\/\/www.pv-vonat.hu\/?page_id=71"},"modified":"2024-02-15T19:37:54","modified_gmt":"2024-02-15T19:37:54","slug":"helikon-csalad","status":"publish","type":"page","link":"https:\/\/www.pv-vonat.hu\/?page_id=71","title":{"rendered":"HELIKON csal\u00e1d"},"content":{"rendered":"\t\t<div data-elementor-type=\"wp-page\" data-elementor-id=\"71\" class=\"elementor elementor-71\">\n\t\t\t\t\t\t<section class=\"elementor-section elementor-top-section elementor-element elementor-element-c8c18a7 elementor-section-boxed elementor-section-height-default elementor-section-height-default\" data-id=\"c8c18a7\" data-element_type=\"section\">\n\t\t\t\t\t\t<div class=\"elementor-container elementor-column-gap-default\">\n\t\t\t\t\t<div class=\"elementor-column elementor-col-100 elementor-top-column elementor-element elementor-element-9da275a\" data-id=\"9da275a\" data-element_type=\"column\">\n\t\t\t<div class=\"elementor-widget-wrap elementor-element-populated\">\n\t\t\t\t\t\t<div class=\"elementor-element elementor-element-7200f5f elementor-widget elementor-widget-heading\" data-id=\"7200f5f\" data-element_type=\"widget\" data-widget_type=\"heading.default\">\n\t\t\t\t<div class=\"elementor-widget-container\">\n\t\t\t<h2 class=\"elementor-heading-title elementor-size-default\"><h4 class=\"elementor-heading-title elementor-size-medium elementor-inline-editing pen\" data-elementor-setting-key=\"title\" data-pen-placeholder=\"Ide \u00edrj...\" style=\"font-family: var( --e-global-typography-primary-font-family ), Sans-serif; font-style: normal; font-weight: var( --e-global-typography-primary-font-weight ); color: rgb(122, 122, 122); text-align: center;\">PV HELIKON pap\u00edrdobozos k\u00e9szlet (eredeti  Fogy. \u00e1r: 850Ft)<\/h4><\/h2>\t\t<\/div>\n\t\t\t\t<\/div>\n\t\t\t\t\t<\/div>\n\t\t<\/div>\n\t\t\t\t\t<\/div>\n\t\t<\/section>\n\t\t\t\t<section class=\"elementor-section elementor-top-section elementor-element elementor-element-3c66c7b elementor-section-full_width elementor-section-height-default elementor-section-height-default\" data-id=\"3c66c7b\" data-element_type=\"section\">\n\t\t\t\t\t\t<div class=\"elementor-container elementor-column-gap-default\">\n\t\t\t\t\t<div class=\"elementor-column elementor-col-100 elementor-top-column elementor-element elementor-element-4cba9fd\" data-id=\"4cba9fd\" data-element_type=\"column\">\n\t\t\t<div class=\"elementor-widget-wrap elementor-element-populated\">\n\t\t\t\t\t\t<div class=\"elementor-element elementor-element-492c042 elementor-widget elementor-widget-text-editor\" data-id=\"492c042\" data-element_type=\"widget\" data-widget_type=\"text-editor.default\">\n\t\t\t\t<div class=\"elementor-widget-container\">\n\t\t\t\t\t\t\t<p align=\"justify\"><img fetchpriority=\"high\" decoding=\"async\" class=\"wp-image-237 aligncenter\" src=\"https:\/\/www.pv-vonat.hu\/wp-content\/uploads\/2020\/01\/pv-vonat-202-1.jpg\" alt=\"\" width=\"300\" height=\"203\" srcset=\"https:\/\/www.pv-vonat.hu\/wp-content\/uploads\/2020\/01\/pv-vonat-202-1.jpg 800w, https:\/\/www.pv-vonat.hu\/wp-content\/uploads\/2020\/01\/pv-vonat-202-1-768x520.jpg 768w\" sizes=\"(max-width: 300px) 100vw, 300px\" \/><\/p><p style=\"text-align: center;\" align=\"justify\"><strong>Tartalma:1db PV7 mozdony, 2db PV8 szem\u00e9lykocsi, 1db traf\u00f3, 11db \u00edves s\u00edn, 1db &#8222;bet\u00e1p&#8221; csatlakoz\u00f3 \u00edves s\u00edn, 4db egyenes s\u00edn, kb 20db s\u00ednkapocs, 2-4db p\u00f3tgumi a ker\u00e9kre.\u00a0 A k\u00e9szletben l\u00e9v\u0151 szem\u00e9lykocsik t\u00f6bbnyire azonos sz\u00edn\u0171ek voltak a mozdonnyal, de l\u00e9teztek vegyes fest\u00e9s\u0171 k\u00e9szletek is,pl:(k\u00e9k\/ez\u00fcst mozdony s\u00e1rga\/ez\u00fcst kocsik).<\/strong><\/p>\t\t\t\t\t\t<\/div>\n\t\t\t\t<\/div>\n\t\t\t\t\t<\/div>\n\t\t<\/div>\n\t\t\t\t\t<\/div>\n\t\t<\/section>\n\t\t\t\t<section class=\"elementor-section elementor-top-section elementor-element elementor-element-42854c9 elementor-section-full_width elementor-section-height-default elementor-section-height-default\" data-id=\"42854c9\" data-element_type=\"section\">\n\t\t\t\t\t\t<div class=\"elementor-container elementor-column-gap-default\">\n\t\t\t\t\t<div class=\"elementor-column elementor-col-50 elementor-top-column elementor-element elementor-element-aabed5f\" data-id=\"aabed5f\" data-element_type=\"column\">\n\t\t\t<div class=\"elementor-widget-wrap elementor-element-populated\">\n\t\t\t\t\t\t<div class=\"elementor-element elementor-element-0eb9c9f elementor-widget elementor-widget-image\" data-id=\"0eb9c9f\" data-element_type=\"widget\" data-widget_type=\"image.default\">\n\t\t\t\t<div class=\"elementor-widget-container\">\n\t\t\t\t\t\t\t\t\t\t\t\t\t<img decoding=\"async\" width=\"800\" height=\"535\" src=\"https:\/\/www.pv-vonat.hu\/wp-content\/uploads\/2020\/01\/7-Helikon-pv-vonat-111.jpg\" class=\"attachment-large size-large wp-image-202\" alt=\"\" srcset=\"https:\/\/www.pv-vonat.hu\/wp-content\/uploads\/2020\/01\/7-Helikon-pv-vonat-111.jpg 800w, https:\/\/www.pv-vonat.hu\/wp-content\/uploads\/2020\/01\/7-Helikon-pv-vonat-111-768x514.jpg 768w\" sizes=\"(max-width: 800px) 100vw, 800px\" \/>\t\t\t\t\t\t\t\t\t\t\t\t\t<\/div>\n\t\t\t\t<\/div>\n\t\t\t\t\t<\/div>\n\t\t<\/div>\n\t\t\t\t<div class=\"elementor-column elementor-col-50 elementor-top-column elementor-element elementor-element-b9304f6\" data-id=\"b9304f6\" data-element_type=\"column\">\n\t\t\t<div class=\"elementor-widget-wrap elementor-element-populated\">\n\t\t\t\t\t\t<div class=\"elementor-element elementor-element-85cd74f elementor-widget elementor-widget-text-editor\" data-id=\"85cd74f\" data-element_type=\"widget\" data-widget_type=\"text-editor.default\">\n\t\t\t\t<div class=\"elementor-widget-container\">\n\t\t\t\t\t\t\t<p><strong>Mozdony: <span style=\"color: #000000;\">M\u00c1V PV7<\/span> p\u00e1lyasz\u00e1mmal.<\/strong><\/p><p><strong>1db egyen\u00e1ram\u00fa (permanm\u00e1gneses) motor m\u0171k\u00f6dteti, kerekein gumiszalag a jobb tapad\u00e1s \u00e9rdek\u00e9ben, a m\u00e1sik k\u00e9t p\u00e1r ker\u00e9k csak &#8222;\u00e1ramszed\u0151&#8221;. <\/strong><strong>Menet k\u00f6zben minden\u00a0izz\u00f3 vil\u00e1g\u00edt. Aut\u00f3mata kocsikapcsol\u00e1s.<\/strong><\/p><p><strong>Sz\u00ednei: feh\u00e9r\/arany, arany\/feh\u00e9r, arany\/piros, sz\u00fcrke\/feh\u00e9r, ez\u00fcst\/s\u00e1rga, ez\u00fcst\/k\u00e9k, ez\u00fcst\/piros, narancss\u00e1rga\/vaj\/ez\u00fcst, piros\/vaj\/ez\u00fcst, az elej\u00e9n l\u00e9v\u0151 &#8222;bajusz&#8221; piros, k\u00e9k vagy f\u00e9msz\u00edm\u0171-festetlen.<\/strong><\/p>\t\t\t\t\t\t<\/div>\n\t\t\t\t<\/div>\n\t\t\t\t\t<\/div>\n\t\t<\/div>\n\t\t\t\t\t<\/div>\n\t\t<\/section>\n\t\t\t\t<section class=\"elementor-section elementor-top-section elementor-element elementor-element-9899ee8 elementor-section-full_width elementor-section-height-default elementor-section-height-default\" data-id=\"9899ee8\" data-element_type=\"section\">\n\t\t\t\t\t\t<div class=\"elementor-container elementor-column-gap-default\">\n\t\t\t\t\t<div class=\"elementor-column elementor-col-50 elementor-top-column elementor-element elementor-element-ccd1fc0\" data-id=\"ccd1fc0\" data-element_type=\"column\">\n\t\t\t<div class=\"elementor-widget-wrap elementor-element-populated\">\n\t\t\t\t\t\t<div class=\"elementor-element elementor-element-ad63274 elementor-widget elementor-widget-image\" data-id=\"ad63274\" data-element_type=\"widget\" data-widget_type=\"image.default\">\n\t\t\t\t<div class=\"elementor-widget-container\">\n\t\t\t\t\t\t\t\t\t\t\t\t\t<img decoding=\"async\" width=\"800\" height=\"535\" src=\"https:\/\/www.pv-vonat.hu\/wp-content\/uploads\/2020\/01\/8-Helikon-pv-vonat-911.jpg\" class=\"attachment-large size-large wp-image-220\" alt=\"\" srcset=\"https:\/\/www.pv-vonat.hu\/wp-content\/uploads\/2020\/01\/8-Helikon-pv-vonat-911.jpg 800w, https:\/\/www.pv-vonat.hu\/wp-content\/uploads\/2020\/01\/8-Helikon-pv-vonat-911-768x514.jpg 768w\" sizes=\"(max-width: 800px) 100vw, 800px\" \/>\t\t\t\t\t\t\t\t\t\t\t\t\t<\/div>\n\t\t\t\t<\/div>\n\t\t\t\t\t<\/div>\n\t\t<\/div>\n\t\t\t\t<div class=\"elementor-column elementor-col-50 elementor-top-column elementor-element elementor-element-79c604a\" data-id=\"79c604a\" data-element_type=\"column\">\n\t\t\t<div class=\"elementor-widget-wrap elementor-element-populated\">\n\t\t\t\t\t\t<div class=\"elementor-element elementor-element-c895072 elementor-widget elementor-widget-text-editor\" data-id=\"c895072\" data-element_type=\"widget\" data-widget_type=\"text-editor.default\">\n\t\t\t\t<div class=\"elementor-widget-container\">\n\t\t\t\t\t\t\t<p><strong>Szem\u00e9lykocsi: <span style=\"color: #000000;\">M\u00c1V PV8<\/span> p\u00e1lyasz\u00e1mmal.<\/strong><\/p><p><strong>\u00a04 tengelyes k\u00fcl\u00f6n mozg\u00f3 forg\u00f3zs\u00e1molyokkal, amikhez a kocsikapcsol\u00f3k is csatlakoznak. T\u00e1vvez\u00e9relhet\u0151 kocsisz\u00e9tkapcsol\u00e1s &#8222;ir\u00e1ny\u00edt\u00f3doboz&#8221; seg\u00edts\u00e9g\u00e9vel. M\u0171anyag kerekek, f\u00e9mabroncs n\u00e9lk\u00fcl.<\/strong><\/p><p><strong>\u00a0Sz\u00ednei: \u00e1ltal\u00e1ban megegyeznek a k\u00e9szletben l\u00e9v\u0151 mozdony\u00e9val. (de vannak &#8222;vegyes&#8221; k\u00e9szletek is.)<\/strong><\/p>\t\t\t\t\t\t<\/div>\n\t\t\t\t<\/div>\n\t\t\t\t\t<\/div>\n\t\t<\/div>\n\t\t\t\t\t<\/div>\n\t\t<\/section>\n\t\t\t\t<\/div>\n\t\t","protected":false},"excerpt":{"rendered":"<p>PV HELIKON pap\u00edrdobozos k\u00e9szlet (eredeti Fogy. \u00e1r: 850Ft) Tartalma:1db PV7 mozdony, 2db PV8 szem\u00e9lykocsi, 1db traf\u00f3, 11db \u00edves s\u00edn, 1db &#8222;bet\u00e1p&#8221; csatlakoz\u00f3 \u00edves s\u00edn, 4db egyenes s\u00edn, kb 20db s\u00ednkapocs, 2-4db p\u00f3tgumi a ker\u00e9kre.\u00a0 A k\u00e9szletben l\u00e9v\u0151 szem\u00e9lykocsik t\u00f6bbnyire azonos &hellip; <a href=\"https:\/\/www.pv-vonat.hu\/?page_id=71\">Egy kattint\u00e1s ide a folytat\u00e1shoz&#8230;. <span class=\"meta-nav\">&rarr;<\/span><\/a><\/p>\n","protected":false},"author":1,"featured_media":0,"parent":0,"menu_order":0,"comment_status":"closed","ping_status":"closed","template":"","meta":{"ngg_post_thumbnail":0,"footnotes":""},"_links":{"self":[{"href":"https:\/\/www.pv-vonat.hu\/index.php?rest_route=\/wp\/v2\/pages\/71"}],"collection":[{"href":"https:\/\/www.pv-vonat.hu\/index.php?rest_route=\/wp\/v2\/pages"}],"about":[{"href":"https:\/\/www.pv-vonat.hu\/index.php?rest_route=\/wp\/v2\/types\/page"}],"author":[{"embeddable":true,"href":"https:\/\/www.pv-vonat.hu\/index.php?rest_route=\/wp\/v2\/users\/1"}],"replies":[{"embeddable":true,"href":"https:\/\/www.pv-vonat.hu\/index.php?rest_route=%2Fwp%2Fv2%2Fcomments&post=71"}],"version-history":[{"count":23,"href":"https:\/\/www.pv-vonat.hu\/index.php?rest_route=\/wp\/v2\/pages\/71\/revisions"}],"predecessor-version":[{"id":1112,"href":"https:\/\/www.pv-vonat.hu\/index.php?rest_route=\/wp\/v2\/pages\/71\/revisions\/1112"}],"wp:attachment":[{"href":"https:\/\/www.pv-vonat.hu\/index.php?rest_route=%2Fwp%2Fv2%2Fmedia&parent=71"}],"curies":[{"name":"wp","href":"https:\/\/api.w.org\/{rel}","templated":true}]}}